uppose -y - v = -6*y. What is the remainder when 149 is divided by y?
49
Suppose 550 = 4*y + 5*w, -7*w - 2 = -8*w. Let o(u) = -u**2 + 11*u - 7. Calculate the remainder when y is divided by o(5).
20
Suppose 0 = -3*m + 117 - 63. Suppose 5*o + 330 = 5*y, 53 = -2*y - 3*o + 200. Calculate the remainder when y is divided by m.
15
Let t = -6 + -36. Let z = -19 - t. Suppose -5*k + 54 = -161. Calculate the remainder when k is divided by z.
20
Let v = -37 - -42. Suppose -31 - 14 = -v*t. What is the remainder when 15 is divided by t?
6
Suppose -63 = 13*i - 14*i. Let r = 81 - i. Calculate the remainder when 31 is divided by r.
13
Let s be 16 + (1 - 2) + -1. Let z = -8 + s. What is the remainder when ((-2)/z)/(11/(-1287)) is divided by 14?
11
Suppose 5*f - 205 = -5*a, -f - 4*a = -6*f + 223. Suppose h - 35 = -4*c, -5*c - 3 = -2*h - 50. What is the remainder when f is divided by c/(-6) - (-70)/4?
11
Let k = -23 - 13. Calculate the remainder when (-32)/(-16) - (k + -1) is divided by 10.
9
Suppose 22*u + 4*u - 1534 = 0. What is the remainder when u is divided by 49?
10
Suppose -5*b - 3*a + 97 = -4*a, b + 5*a - 9 = 0. Suppose 0 = -0*x - 5*x + 190. Let i = x - b. Calculate the remainder when 74 is divided by i.
17
Let p be (-11)/(-44) - 91/(-4). Suppose -p*v + 22*v + 76 = 0. Calculate the remainder when v is divided by 26.
24
Let l be (-4)/6*129/(-2). Suppose -2*s + l = -3*j, -2*s + 3*s = 4*j + 9. What is the remainder when 143 is divided by s?
27
Suppose 16*o = z + 12*o - 57, -5*o - 99 = -2*z. Calculate the remainder when 184 is divided by z.
36
Suppose k + 3*j - 11 = 0, 3*k - 4*k = -2*j + 9. Let d be (22/4)/(k/(-6)). Let r = d - 28. What is the remainder when 18 is divided by r?
3
Let a be 1 + 2 + -11 + 22. Suppose z - 3*x = -0*z + 11, -a = -z + 2*x. Let k = 37 - -40. Calculate the remainder when k is divided by z.
17
Let p = -314 - -323. Let t(k) = k + 4. Let q be t(-2). Let g = 4 + q. What is the remainder when p is divided by g?
3
Let f(j) = j**2 - 11*j + 6. Let t be f(11). Let x(m) = m**2 - 4*m. Suppose -a + 17 = -5. What is the remainder when a is divided by x(t)?
10
Let q(o) = -7*o - 10. Suppose 4*m = 3*y - 1, -2*m - 4*y - 13 = -3*y. What is the remainder when 70 is divided by q(m)?
16
Suppose 114 = 5*y - 76. Calculate the remainder when 218 is divided by y.
28
Let q(o) = o**2 + 4*o - 3. Let r be q(-5). Let w(h) = 12*h**3 + h**2 - 2*h + 1. What is the remainder when w(r) is divided by 20?
17
Suppose -24*c + 338 = -118. Calculate the remainder when 245 is divided by c.
17
Suppose -10*n - 1888 = -26*n. Calculate the remainder when n is divided by 28.
6
Suppose -5*q + 12*q = 35. Suppose q*i + 0*i - 40 = 0. What is the remainder when 13 is divided by i?
5
Suppose 3*r - t = 261 - 17, -2*t - 83 = -r. Let p = 351 - 322. What is the remainder when r is divided by p?
23
Suppose 3*h + 2*p + 195 = 4*h, 0 = h - 5*p - 195. What is the remainder when h is divided by 40?
35
Suppose 2*v + 274 = 320. What is the remainder when 90 is divided by v?
21
Suppose 4*i + 45 = 325. Calculate the remainder when i is divided by 18.
16
Calculate the remainder when 272/(-34) + 619 + 4 is divided by 29.
6
Let y = 147 + -87. Suppose 2*h - 50 - 10 = 0. What is the remainder when y is divided by (-634)/(-30) - 4/h?
18
Let j(r) = r**2 - 11*r + 27. Let b be j(11). Suppose -2*y = -6*y - 3*h - 63, -4*h - 56 = 3*y. Let d = b - y. Calculate the remainder when d is divided by 14.
11
Let q = 36 + -28. Let h = q - -13. Let v = h - 19. Calculate the remainder when 7 is divided by v.
1
Suppose 12*s - 221 - 1471 = 0. Calculate the remainder when s is divided by (27 - 0)/((-63)/12 - -6).
33
Let n = -340 + 392. What is the remainder when 57 is divided by n?
5
Let u be (0/3)/(1 - 2). Suppose u = 5*h - 4*m - 32, 5*h - 3*m - 26 = -m. What is the remainder when 65 is divided by (19 - (-16)/h) + -1?
21
Suppose 226*b + 4368 = 274*b. Calculate the remainder when b is divided by 0 + 35 + 1*-1.
23
Let c = -354 + 502. Suppose -146 = -3*h - 2*a, 3*h - 2*a = -3*a + c. Suppose 13 = 4*s - 3*s. What is the remainder when h is divided by s?
11
What is the remainder when 2*12/(-18)*(-345)/20 is divided by 8?
7
Let b be 280 - (12/((-12)/3) + 4). Suppose 5*f + 2*i - 675 = 5*i, 2*f = 3*i + b. Calculate the remainder when f is divided by 9.
6
Let h(c) = 2*c**2 - 7*c - 12. Let o be h(5). Suppose -7*l = -3*l + 3*v - 133, -3*l + 96 = o*v. What is the remainder when l is divided by 20?
17
What is the remainder when 424 is divided by (5/(-15) + 0)/((-8)/696)?
18
Let o = -110 + 112. Suppose -130 = -3*p + 4*t - 0*t, o*t - 50 = -p. Let w(i) = 2*i**2 - 5*i + 4. What is the remainder when p is divided by w(4)?
14
Let f(k) = -k**2 - 44*k - 229. Calculate the remainder when 1827 is divided by f(-37).
27
Let p = 630 + -613. Calculate the remainder when 232 is divided by p.
11
Let m be 1*-3*(-4)/(-3). Calculate the remainder when 53 is divided by 13 - (-4)/(m + 8).
11
Let t be (-6 + 102/9)*3/2. Suppose -t*d = 32 - 88. Let n = 6 + -3. Calculate the remainder when d is divided by n.
1
Let c(i) = 5*i - 5. Let k(j) = -j**2 - 5*j + 5. Let b(h) = 3*c(h) + 4*k(h). Let r be b(-7). Calculate the remainder when 34 is divided by (-1 + 6)*r/(-65).
10
Suppose -44*a + 140 = -9*a. Let x(i) be the second derivative of i**5/20 - i**4/6 - 2*i**3/3 + i**2/2 + i. Calculate the remainder when 116 is divided by x(a).
14
Let l(j) = 2*j**2 - 1 - j - j**2 + 2*j**2 - 2*j**2. Let p = -28 - -33. What is the remainder when l(5) is divided by p?
4
Let q(p) = p + 6. Let z = 119 - 102. Calculate the remainder when z is divided by q(5).
6
Suppose 5*n - 3*j = 57, 0*j = 5*n + 3*j - 63. Let m be -2*(3 + (-7 - -3)). Suppose -m*h + 24 = -n. Calculate the remainder when h is divided by 4.
2
Let m = -30 + 30. What is the remainder when 0 + (m - -135) + 2 is divided by 28?
25
Suppose 4*h - 11*h - 770 = 0. Let s = h + 134. Calculate the remainder when 118 is divided by s.
22
Let n(k) be the second derivative of -k**5/20 - 3*k**4/4 - 7*k**3/6 - 11*k**2 + 5*k. Calculate the remainder when n(-9) is divided by 26.
15
Let g(q) = -11*q + 17. Let a(i) = 5*i - 8. Let o(h) = 7*a(h) + 3*g(h). Calculate the remainder when 17 is divided by o(6).
3
Let b = 0 - -8. Let w be b - (4 - 10)/(-2). Suppose w*r - r = 108. What is the remainder when r is divided by 7?
6
Suppose -20 = 4*j, 4*j - 88 = -6*b + 4*b. What is the remainder when 149 is divided by b?
41
Let p(n) = -n + 1. Let s(w) = 24*w**2 - 7*w + 4. Let v(l) = -6*p(l) + s(l). What is the remainder when v(-1) is divided by 5?
3
Suppose 3*z - n = -393, -4*z + 655 = -9*z + 4*n. Let v = z - -211. What is the remainder when v is divided by 22?
14
Let q(w) = -56*w**3 + w**2 + 66*w + 66. Calculate the remainder when 508 is divided by q(-1).
52
Let z(b) = -b**2. Suppose -6*j = -j + 30. Let f(w) = 10*w**2 + w + 1. Let a(h) = j*z(h) + f(h). What is the remainder when a(-1) is divided by 10?
6
Let n(q) = -q**3 - 11*q**2 - 11*q - 14. Let f be n(-6). Let g = 156 + f. Let b = 163 - 54. What is the remainder when b is divided by g?
25
Let n(b) = -b + 3. Let z be n(-2). Suppose -42 = z*x - 142. Calculate the remainder when 38 is divided by x.
18
What is the remainder when (-17 + 11 - -15)/((-2)/(-68)) is divided by 7?
5
Suppose 4 = 2*x - 4. Suppose 0*p + x*p - 24 = 0. Calculate the remainder when 4/(-10) + (-141)/(-15) is divided by p.
3
Let s(w) = -5*w + 20. Let q be s(7). Let z(a) = -a**3 - 14*a**2 + 16*a + 33. What is the remainder when z(q) is divided by 10?
8
Suppose 220 = 5*m + 5*g, -6*m + 4*m - 4*g = -96. Calculate the remainder when 397 is divided by m.
37
Let j(q) = q**3 - 9*q**2 + 3. Let s be j(9). Suppose -20 = -s*k - k. Calculate the remainder when 14 is divided by k/(-1 + 5 - 3).
4
Let z be (-258)/4*-1*(-10)/(-15). Suppose 0 = -5*g + q + z, -3*q + 11 = -4*g + 52. Calculate the remainder when 46 is divided by g.
6
Suppose -2*r = -3*r + j + 22, -2*j + 60 = 2*r. Suppose 5*t = -2*l - 0*t + 38, 4 = t. Calculate the remainder when r is divided by l.
8
Let j(a) = -a**2 - 12*a + 10. Let b be j(-13). Calculate the remainder when ((-9)/(-2) + -3)/(b/(-146)) is divided by 15.
13
Let q be ((57/2)/3)/((-4)/(-24)). Let a = q + -36. Calculate the remainder when 56 is divided by a.
14
Let m(n) = 9*n - 14. Let x be m(4). Suppose -7*r - 480 = -x*r. What 